{"id":968,"date":"2016-10-07T11:36:43","date_gmt":"2016-10-07T11:36:43","guid":{"rendered":"http:\/\/dentalia.orionthemes.com\/demo-1\/?page_id=968"},"modified":"2022-01-12T20:32:57","modified_gmt":"2022-01-12T20:32:57","slug":"services","status":"publish","type":"page","link":"https:\/\/sanatoriolosreyes.mx\/index.php\/services\/","title":{"rendered":"Services"},"content":{"rendered":"<div id=\"pl-968\"  class=\"panel-layout\" ><div id=\"pg-968-0\"  class=\"panel-grid panel-has-style\" ><div class=\"horizontal_right orion-parallax siteorigin-panels-stretch orion-separator bottom-svg-1 bottom-svg-inside divider-notresponsive divider-no-animation tablet-1-in-row mobile-1-in-row desktop-default text-light overlay-c2-c1 custom panel-row-style panel-row-style-for-968-0\" data-stretch-type=\"full\" data-svg-bottom-color=\"#f8f8f8\" data-svg-top-color=\"#f8f8f8\" ><div id=\"pgc-968-0-0\"  class=\"panel-grid-cell\" ><div id=\"panel-968-0-0-0\" class=\"so-panel widget widget_orion_heading_w panel-first-child\" data-index=\"0\" ><div class=\"orion custom mobile-text-center tablets-text-center default panel-widget-style panel-widget-style-for-968-0-0-0\" ><div class=\"so-widget-orion_heading_w so-widget-orion_heading_w-base\"> \n\t\t\t<div class=\"row orion-heading\" style=\"margin-bottom:0px;\">\n\t\t<div class=\"col-md-12   text-left style-h6 style-text-light\">\n\t\t\t<h6 class=\"text-light\">\n\t\t\t\tCuida tu salud\t\t\t<\/h6>\n\t\t<\/div>\n\t<\/div>\n\n\t<\/div><\/div><\/div><div id=\"panel-968-0-0-1\" class=\"so-panel widget widget_orion_heading_w\" data-index=\"1\" ><div class=\"orion custom mobile-text-center tablets-text-center default panel-widget-style panel-widget-style-for-968-0-0-1\" ><div class=\"so-widget-orion_heading_w so-widget-orion_heading_w-base\"> \n\t\t\t<div class=\"row orion-heading\" style=\"margin-bottom:0px;\">\n\t\t<div class=\"col-md-12  separator-style-2 text-left style-h1 style-text-light\">\n\t\t\t<h1 class=\"text-light\">\n\t\t\t\tServicios M\u00e9dicos\t\t\t<\/h1>\n\t\t<\/div>\n\t<\/div>\n\n\t<\/div><\/div><\/div><div id=\"panel-968-0-0-2\" class=\"so-panel widget widget_sow-editor\" data-index=\"2\" ><div class=\"orion custom mobile-text-center tablets-text-center text-light panel-widget-style panel-widget-style-for-968-0-0-2\" ><div class=\"so-widget-sow-editor so-widget-sow-editor-base\">\n<div class=\"siteorigin-widget-tinymce textwidget\">\n\t<p class=\"lead\">Instituci\u00f3n privada fundada por el Dr. Luis Teodoro Garc\u00eda Morales, iniciando \u00fanicamente con el servicio de consulta externa en el a\u00f1o 1960, En el a\u00f1o 1964 se ampl\u00eda la atenci\u00f3n medica abarcando \u00e1rea de ginecobstetricia y medicina general. En el a\u00f1o 1968 se logra instalar y habilitar el \u00e1rea quir\u00fargica, as\u00ed como hospitalizaci\u00f3n en general. En el a\u00f1o 1985 se consolida el \u201cSANATORIO LOS REYES\u201d ofreciendo especialidades como, Trauma-Ortopedia, Urolog\u00eda, Nefrolog\u00eda, Internista-cardiolog\u00eda, intervenciones laparosc\u00f3picas, cirug\u00eda en general. Esta trayectoria y crecimiento no ser\u00eda lo que es, sin lo m\u00e1s importante\u2026USTED.<\/p>\n<\/div>\n<\/div><\/div><\/div><div id=\"panel-968-0-0-3\" class=\"so-panel widget widget_orion_button_w\" data-index=\"3\" ><div class=\"orion custom mobile-text-center tablets-text-center default panel-widget-style panel-widget-style-for-968-0-0-3\" ><div class=\"so-widget-orion_button_w so-widget-orion_button_w-base\">\n\t\t\t<a class=\"btn btn-white btn-wire btn-md\"  href=\"#apppointment\">\n\t\t\tSolicitar Cita\t\t\n\t\t<\/a>\n\t\n\n\n\n<\/div><\/div><\/div><div id=\"panel-968-0-0-4\" class=\"so-panel widget widget_orion_empty_space_w panel-last-child\" data-index=\"4\" ><div class=\"orion custom default panel-widget-style panel-widget-style-for-968-0-0-4\" ><div class=\"so-widget-orion_empty_space_w so-widget-orion_empty_space_w-base\">\t<div class=\"row empty-space  visible-sm visible-xs\" style=\"height:36px;\">\n\t<\/div><\/div><\/div><\/div><\/div><div id=\"pgc-968-0-1\"  class=\"panel-grid-cell\" ><div id=\"panel-968-0-1-0\" class=\"so-panel widget widget_orion_logos_w panel-first-child panel-last-child\" data-index=\"5\" ><div class=\"orion custom default panel-widget-style panel-widget-style-for-968-0-1-0\" ><div class=\"so-widget-orion_logos_w so-widget-orion_logos_w-base\"><div class=\"row logo-w-wrap\">\n\t\t\t\t<div class=\"relative clearfix\">\n\t\t<div class=\"logos-wrap col-md-12 carousel owl-carousel owl-theme\" data-col=1 data-autoplay=true data-autoplaytimeout=2776 >\n\t\t\n\t\t\t\t\t\t\t\t<div class=\"cell-wrap\" style=\"padding-bottom: 360px;border-color:#f2f2f2;\">\n\t\t\t\t\t\t\t\t\t\t\t\t\t\t<a href=\"https:\/\/sanatoriolosreyes.mx\/index.php\/services\/quirofanos\/\" class=\"logo\" data-imgsize=100 data-imghoversize=100 title=\"Quir\u00f3fanos\"  >\n\t\t\t\t\t\t<img decoding=\"async\" src=\"https:\/\/sanatoriolosreyes.mx\/wp-content\/uploads\/2021\/09\/quirofanos.jpg\" alt=\"Quir\u00f3fanos\">\n\t\t\t\t\t<\/a>\n\t\t\t\t\t\t\t<\/div>\t\t\t\n\t\t\t\t\t\t\t\t<div class=\"cell-wrap\" style=\"padding-bottom: 360px;border-color:#f2f2f2;\">\n\t\t\t\t\t\t\t\t\t\t\t\t\t\t<a href=\"https:\/\/sanatoriolosreyes.mx\/index.php\/services\/rayos-x\/\" class=\"logo\" data-imgsize=100 data-imghoversize=100 title=\"Rayos X\"  >\n\t\t\t\t\t\t<img decoding=\"async\" src=\"https:\/\/sanatoriolosreyes.mx\/wp-content\/uploads\/2021\/09\/rayos-x.jpg\" alt=\"Rayos X\">\n\t\t\t\t\t<\/a>\n\t\t\t\t\t\t\t<\/div>\t\t\t\n\t\t\t\t\t\t\t\t<div class=\"cell-wrap\" style=\"padding-bottom: 360px;border-color:#f2f2f2;\">\n\t\t\t\t\t\t\t\t\t\t\t\t\t\t<a href=\"https:\/\/sanatoriolosreyes.mx\/index.php\/services\/partos-2\/\" class=\"logo\" data-imgsize=100 data-imghoversize=100 title=\"Partos\"  >\n\t\t\t\t\t\t<img decoding=\"async\" src=\"https:\/\/sanatoriolosreyes.mx\/wp-content\/uploads\/2021\/10\/embarazo.jpg\" alt=\"Partos\">\n\t\t\t\t\t<\/a>\n\t\t\t\t\t\t\t<\/div>\t\t\t\n\t\t\t\n\t\t\t\t\t\n\t<\/div>\n\t\t\t<div class=\"nav-controll arrows-aside\">\n\t\t\t<div class=\"owl-nav aside text-default\">\n\t\t\t\t<a class=\"btn btn-sm btn-empty owlprev icon\" ><i class=\"orionicon orionicon-arrow_carrot-left\"><\/i><\/a>\n\t\t\t\t<a class=\"btn btn-sm btn-empty owlnext icon\" ><i class=\"orionicon orionicon-arrow_carrot-right\"><\/i><\/a>\n\t\t\t<\/div>\n\t\t<\/div>\n\t<\/div>\n\t<\/div><\/div><\/div><\/div><\/div><\/div><\/div><div id=\"pg-968-1\"  class=\"panel-grid panel-has-style\" ><div class=\"siteorigin-panels-stretch divider-no-animation tablet-default mobile-1-in-row desktop-default custom panel-row-style panel-row-style-for-968-1\" data-stretch-type=\"full\" ><div id=\"pgc-968-1-0\"  class=\"panel-grid-cell\" ><div id=\"panel-968-1-0-0\" class=\"so-panel widget widget_orion_icon_text_w panel-first-child panel-last-child\" data-index=\"6\" ><div class=\"orion custom default panel-widget-style panel-widget-style-for-968-1-0-0\" ><div class=\"so-widget-orion_icon_text_w so-widget-orion_icon_text_w-base\">\n<div class=\"row icon-box-items-wrap grid icon-top\">\n \n\t\n\t\t\n\t\t\n\t\t\t\t\n\t\t\n\t\t<div class=\"icon-box-wrap clearfix col-lg-3 col-sm-6 text-dark icon-image-wrap\" style=\"margin-bottom:60px;\">\t\t\n\n\t\t\t\t\t\t\t\t\t\t<div class=\"icon-wrap relative circle\">\n\t\t\t\t\t\t\t\t\t\t<span class=\"image\"><img loading=\"lazy\" decoding=\"async\" width=\"150\" height=\"150\" src=\"https:\/\/sanatoriolosreyes.mx\/wp-content\/uploads\/2021\/09\/resfriado-comun-150x150.jpg\" class=\"attachment-thumbnail size-thumbnail\" alt=\"\" \/><\/span>\t\t\t\t<\/div>\n\t\t\t\n\t\t\t<h4 class=\"item-title h6\">Resfriado com\u00fan<\/h4>\t\t\t\n\n\t\t\t\t\t\t<span class=\"description\">El m\u00e9dico puede determinar si usted tiene un resfriado haciendo preguntas sobre los s\u00edntomas y un examen f\u00edsico.<\/span>\n\t\t\t\n\t\t<\/div>\n\t\n\t\t\n\t\t\n\t\t\t\t\n\t\t\n\t\t<div class=\"icon-box-wrap clearfix col-lg-3 col-sm-6 text-dark icon-image-wrap icon-image-wrap\" style=\"margin-bottom:60px;\">\t\t\n\n\t\t\t\t\t\t\t\t\t\t<div class=\"icon-wrap relative circle\">\n\t\t\t\t\t\t\t\t\t\t<span class=\"image\"><img loading=\"lazy\" decoding=\"async\" width=\"150\" height=\"150\" src=\"https:\/\/sanatoriolosreyes.mx\/wp-content\/uploads\/2021\/09\/infeccion-oido-150x150.jpg\" class=\"attachment-thumbnail size-thumbnail\" alt=\"\" \/><\/span>\t\t\t\t<\/div>\n\t\t\t\n\t\t\t<h4 class=\"item-title h6\">Infecci\u00f3n de o\u00eddo<\/h4>\t\t\t\n\n\t\t\t\t\t\t<span class=\"description\">Algunas infecciones de o\u00eddo, como las infecciones del o\u00eddo medio (otitis media), necesitan tratamiento con antibi\u00f3ticos.<\/span>\n\t\t\t\n\t\t<\/div>\n\t\n\t\t\n\t\t\n\t\t\t\t\n\t\t\n\t\t<div class=\"icon-box-wrap clearfix col-lg-3 col-sm-6 text-dark icon-image-wrap icon-image-wrap icon-image-wrap\" style=\"margin-bottom:60px;\">\t\t\n\n\t\t\t\t\t\t\t\t\t\t<div class=\"icon-wrap relative circle\">\n\t\t\t\t\t\t\t\t\t\t<span class=\"image\"><img loading=\"lazy\" decoding=\"async\" width=\"150\" height=\"150\" src=\"https:\/\/sanatoriolosreyes.mx\/wp-content\/uploads\/2021\/09\/infeccion-piel-150x150.png\" class=\"attachment-thumbnail size-thumbnail\" alt=\"\" \/><\/span>\t\t\t\t<\/div>\n\t\t\t\n\t\t\t<h4 class=\"item-title h6\">Infecciones de la piel<\/h4>\t\t\t\n\n\t\t\t\t\t\t<span class=\"description\">Algunas infecciones de la piel necesitan tratamiento con antibi\u00f3ticos, pero otras mejorar\u00e1n por s\u00ed solas. El m\u00e9dico puede determinar si usted necesita un antibi\u00f3tico.<\/span>\n\t\t\t\n\t\t<\/div>\n\t\n\t\t\n\t\t\n\t\t\t\t\n\t\t\n\t\t<div class=\"icon-box-wrap clearfix col-lg-3 col-sm-6 text-dark icon-image-wrap icon-image-wrap icon-image-wrap icon-image-wrap\" style=\"margin-bottom:60px;\">\t\t\n\n\t\t\t\t\t\t\t\t\t\t<div class=\"icon-wrap relative circle\">\n\t\t\t\t\t\t\t\t\t\t<span class=\"image\"><img loading=\"lazy\" decoding=\"async\" width=\"150\" height=\"150\" src=\"https:\/\/sanatoriolosreyes.mx\/wp-content\/uploads\/2021\/09\/sinusitis-150x150.jpg\" class=\"attachment-thumbnail size-thumbnail\" alt=\"\" \/><\/span>\t\t\t\t<\/div>\n\t\t\t\n\t\t\t<h4 class=\"item-title h6\">Sinusitis<\/h4>\t\t\t\n\n\t\t\t\t\t\t<span class=\"description\">Algunas infecciones de la piel necesitan tratamiento, pero otras mejorar\u00e1n por s\u00ed solas. El m\u00e9dico puede determinar si usted necesita un antibi\u00f3tico.<\/span>\n\t\t\t\n\t\t<\/div>\n\t\n\t\t\n\t\t\n\t\t\t\t\n\t\t\n\t\t<div class=\"icon-box-wrap clearfix col-lg-3 col-sm-6 text-dark icon-image-wrap icon-image-wrap icon-image-wrap icon-image-wrap icon-image-wrap\" style=\"margin-bottom:60px;\">\t\t\n\n\t\t\t\t\t\t\t\t\t\t<div class=\"icon-wrap relative circle\">\n\t\t\t\t\t\t\t\t\t\t<span class=\"image\"><img loading=\"lazy\" decoding=\"async\" width=\"150\" height=\"150\" src=\"https:\/\/sanatoriolosreyes.mx\/wp-content\/uploads\/2021\/09\/dolor-garganta-150x150.png\" class=\"attachment-thumbnail size-thumbnail\" alt=\"\" \/><\/span>\t\t\t\t<\/div>\n\t\t\t\n\t\t\t<h4 class=\"item-title h6\">Dolor de garganta<\/h4>\t\t\t\n\n\t\t\t\t\t\t<span class=\"description\">\u00bfDuele al tragar? O \u00bfle pica la garganta? Probablemente tiene dolor de garganta que es provocado por un virus.<\/span>\n\t\t\t\n\t\t<\/div>\n\t\n\t\t\n\t\t\n\t\t\t\t\n\t\t\n\t\t<div class=\"icon-box-wrap clearfix col-lg-3 col-sm-6 text-dark icon-image-wrap icon-image-wrap icon-image-wrap icon-image-wrap icon-image-wrap icon-image-wrap\" style=\"margin-bottom:60px;\">\t\t\n\n\t\t\t\t\t\t\t\t\t\t<div class=\"icon-wrap relative circle\">\n\t\t\t\t\t\t\t\t\t\t<span class=\"image\"><img loading=\"lazy\" decoding=\"async\" width=\"150\" height=\"150\" src=\"https:\/\/sanatoriolosreyes.mx\/wp-content\/uploads\/2021\/09\/infeccion-urinaria-150x150.png\" class=\"attachment-thumbnail size-thumbnail\" alt=\"\" \/><\/span>\t\t\t\t<\/div>\n\t\t\t\n\t\t\t<h4 class=\"item-title h6\">Infecci\u00f3n urinaria<\/h4>\t\t\t\n\n\t\t\t\t\t\t<span class=\"description\">Los antibi\u00f3ticos son necesarios para tratar las infecciones urinarias. El m\u00e9dico puede determinar si usted tiene una infecci\u00f3n urinaria y los antibi\u00f3ticos que se necesitan.<\/span>\n\t\t\t\n\t\t<\/div>\n\t\n\t\t\n\t\t\n\t\t\t\t\n\t\t\n\t\t<div class=\"icon-box-wrap clearfix col-lg-3 col-sm-6 text-dark icon-image-wrap icon-image-wrap icon-image-wrap icon-image-wrap icon-image-wrap icon-image-wrap icon-image-wrap\" style=\"margin-bottom:60px;\">\t\t\n\n\t\t\t\t\t\t\t\t\t\t<div class=\"icon-wrap relative circle\">\n\t\t\t\t\t\t\t\t\t\t<span class=\"image\"><img loading=\"lazy\" decoding=\"async\" width=\"150\" height=\"150\" src=\"https:\/\/sanatoriolosreyes.mx\/wp-content\/uploads\/2021\/09\/influenza-150x150.png\" class=\"attachment-thumbnail size-thumbnail\" alt=\"\" \/><\/span>\t\t\t\t<\/div>\n\t\t\t\n\t\t\t<h4 class=\"item-title h6\">Influenza<\/h4>\t\t\t\n\n\t\t\t\t\t\t<span class=\"description\">El m\u00e9dico podr\u00eda recetar medicamentos antivirales para la influenza. Estos medicamentos pueden hacer que se mejore m\u00e1s r\u00e1pido.<\/span>\n\t\t\t\n\t\t<\/div>\n\t\n\t\t\n\t\t\n\t\t\t\t\n\t\t\n\t\t<div class=\"icon-box-wrap clearfix col-lg-3 col-sm-6 text-dark icon-image-wrap icon-image-wrap icon-image-wrap icon-image-wrap icon-image-wrap icon-image-wrap icon-image-wrap icon-image-wrap\" style=\"margin-bottom:60px;\">\t\t\n\n\t\t\t\t\t\t\t\t\t\t<div class=\"icon-wrap relative circle\">\n\t\t\t\t\t\t\t\t\t\t<span class=\"image\"><img loading=\"lazy\" decoding=\"async\" width=\"150\" height=\"150\" src=\"https:\/\/sanatoriolosreyes.mx\/wp-content\/uploads\/2021\/09\/bronquitis-aguda-150x150.jpg\" class=\"attachment-thumbnail size-thumbnail\" alt=\"\" \/><\/span>\t\t\t\t<\/div>\n\t\t\t\n\t\t\t<h4 class=\"item-title h6\">Bronquitis aguda<\/h4>\t\t\t\n\n\t\t\t\t\t\t<span class=\"description\">\u00bfPor la noche la tos no lo deja dormir? \u00bfDolor en el pecho y sensaci\u00f3n de cansancio? Usted podr\u00eda tener bronquitis aguda.<\/span>\n\t\t\t\n\t\t<\/div>\n\t\n<\/div><\/div><\/div><\/div><\/div><\/div><\/div><div id=\"pg-968-2\"  class=\"panel-grid panel-has-style\" ><div class=\"divider-no-animation tablet-1-in-row mobile-1-in-row desktop-default custom panel-row-style panel-row-style-for-968-2\" ><div id=\"pgc-968-2-0\"  class=\"panel-grid-cell\" ><div id=\"panel-968-2-0-0\" class=\"so-panel widget widget_orion_heading_w panel-first-child\" data-index=\"7\" ><div class=\"orion custom mobile-text-center tablets-text-center default panel-widget-style panel-widget-style-for-968-2-0-0\" ><div class=\"so-widget-orion_heading_w so-widget-orion_heading_w-base\"> \n\t\t\t<div class=\"row orion-heading\" style=\"margin-bottom:0px;\">\n\t\t<div class=\"col-md-12  separator-style-1 text-left style-h6 style-primary-color\">\n\t\t\t<h6 class=\"primary-color\">\n\t\t\t\t\u00bfTIENE UNA EMERGENCIA?\t\t\t<\/h6>\n\t\t<\/div>\n\t<\/div>\n\n\t<\/div><\/div><\/div><div id=\"panel-968-2-0-1\" class=\"so-panel widget widget_orion_heading_w\" data-index=\"8\" ><div class=\"orion custom mobile-text-center tablets-text-center default panel-widget-style panel-widget-style-for-968-2-0-1\" ><div class=\"so-widget-orion_heading_w so-widget-orion_heading_w-base\"> \n\t\t\t<div class=\"row orion-heading\" style=\"margin-bottom:0px;\">\n\t\t<div class=\"col-md-12   text-left style-h2 style-text-dark\">\n\t\t\t<h2 class=\"text-dark\">\n\t\t\t\tLLAME AL  (55) 5582 9996\t\t\t<\/h2>\n\t\t<\/div>\n\t<\/div>\n\n\t<\/div><\/div><\/div><div id=\"panel-968-2-0-2\" class=\"so-panel widget widget_sow-editor\" data-index=\"9\" ><div class=\"orion custom mobile-text-center tablets-text-center default panel-widget-style panel-widget-style-for-968-2-0-2\" ><div class=\"so-widget-sow-editor so-widget-sow-editor-base\"><h3 class=\"widget-title\">No dude en buscar atenci\u00f3n m\u00e9dica urgente si experimente alg\u00fan malestar, contamos con los siguientes servicios:<\/h3>\n<div class=\"siteorigin-widget-tinymce textwidget\">\n\t<\/div>\n<\/div><\/div><\/div><div id=\"panel-968-2-0-3\" class=\"so-panel widget widget_orion_list_w panel-last-child\" data-index=\"10\" ><div class=\"orion custom mobile-text-center tablets-text-center default panel-widget-style panel-widget-style-for-968-2-0-3\" ><div class=\"so-widget-orion_list_w so-widget-orion_list_w-base\"><div class=\"row button-wrap\">\n\t\n\t<div class=\"list-wrap col-md-12\">\n\t\t<ul class=\"no-liststyle size-large\" style=\"background:transparent\">\n\t\t\t\t\n\t\t<li class=\"text-default\" >\n\t\t\t\t\t\t\t<span class=\"icon\">\n\t\t\t\t\t<span class=\"sow-icon-eleganticons\" data-sow-icon=\"&#x24;\"\n\t\tstyle=\"color: #00af60\" ><\/span>\t\t\t\t<\/span>\n\t\t\t\t\t\t\t<div class=\"wrapper\">\n\t\t\t\t\tHospitalizaci\u00f3n\t\t\t\t<\/div>\n\t\t<\/li>\t\n\n\t\t\t\t\n\t\t<li class=\"text-default\" >\n\t\t\t\t\t\t\t<span class=\"icon\">\n\t\t\t\t\t<span class=\"sow-icon-eleganticons\" data-sow-icon=\"&#x24;\"\n\t\tstyle=\"color: #00af60\" ><\/span>\t\t\t\t<\/span>\n\t\t\t\t\t\t\t<div class=\"wrapper\">\n\t\t\t\t\tQuir\u00f3fanos\t\t\t\t<\/div>\n\t\t<\/li>\t\n\n\t\t\t\t\n\t\t<li class=\"text-default\" >\n\t\t\t\t\t\t\t<span class=\"icon\">\n\t\t\t\t\t<span class=\"sow-icon-eleganticons\" data-sow-icon=\"&#x24;\"\n\t\tstyle=\"color: #00af60\" ><\/span>\t\t\t\t<\/span>\n\t\t\t\t\t\t\t<div class=\"wrapper\">\n\t\t\t\t\tConsultorios\t\t\t\t<\/div>\n\t\t<\/li>\t\n\n\t\t\t\t\n\t\t<li class=\"text-default\" >\n\t\t\t\t\t\t\t<span class=\"icon\">\n\t\t\t\t\t<span class=\"sow-icon-eleganticons\" data-sow-icon=\"&#x24;\"\n\t\tstyle=\"color: #00af60\" ><\/span>\t\t\t\t<\/span>\n\t\t\t\t\t\t\t<div class=\"wrapper\">\n\t\t\t\t\tLaboratorios\t\t\t\t<\/div>\n\t\t<\/li>\t\n\n\t\t\t<\/ul>\n\t<\/div>\n<\/div><\/div><\/div><\/div><\/div><div id=\"pgc-968-2-1\"  class=\"panel-grid-cell\" ><div id=\"panel-968-2-1-0\" class=\"so-panel widget widget_orion_image_w panel-first-child panel-last-child\" data-index=\"11\" ><div class=\"orion custom mobile-text-center default panel-widget-style panel-widget-style-for-968-2-1-0\" ><div class=\"so-widget-orion_image_w so-widget-orion_image_w-base\">\n<div class=\"image-w relative rounded\">\n\n\t\t\t\t\t\t\t<div class=\"orion_circle image-wrap rounded overlay-greyscale overlay-hover-greyscale\">\n\t\t\n\t\t\t\t<div class=\"circle-wrap\">\n\t\t\t\t\t<img loading=\"lazy\" decoding=\"async\" width=\"670\" height=\"444\" src=\"https:\/\/sanatoriolosreyes.mx\/wp-content\/uploads\/2021\/06\/46614c85-c6a7-4fd6-9fb6-b2f536285f6c.jpeg\" class=\"attachment-orion_square size-orion_square\" alt=\"\" \/>\t\t\t<div class=\"overlay\"><\/div>\n\t\t\t\t<\/div>\n\t\t\n\t\t\t\t\t<\/div>\n\t\t\t\n\t\n\t<div class=\"absolute\">\n\t\t<div class=\"hover-desc table-wrap\">\n\t\t\t<div class=\"cell-wrap\">\n\t\t\t\t<h4 class=\"text-light\"><\/h4>\n\t\t\t<\/div>\n\t\t<\/div>\n\t<\/div>\t\t\t\t\t\n<\/div>\n\n<\/div><\/div><\/div><\/div><\/div><\/div><div id=\"pg-968-3\"  class=\"panel-grid panel-has-style\" ><div class=\"siteorigin-panels-stretch divider-no-animation tablet-default mobile-1-in-row desktop-default overlay-c1-c2 custom panel-row-style panel-row-style-for-968-3\" id=\"apppointment\" data-stretch-type=\"full\" ><div id=\"pgc-968-3-0\"  class=\"panel-grid-cell\" ><div id=\"panel-968-3-0-0\" class=\"so-panel widget widget_orion_heading_w panel-first-child\" data-index=\"12\" ><div class=\"orion custom default panel-widget-style panel-widget-style-for-968-3-0-0\" ><div class=\"so-widget-orion_heading_w so-widget-orion_heading_w-base\"> \n\t\t\t<div class=\"row orion-heading\" style=\"margin-bottom:0px;\">\n\t\t<div class=\"col-md-12  separator-style-2 text-center style-h2 style-text-light\">\n\t\t\t<h2 class=\"text-light\">\n\t\t\t\tSolicitar Cita\t\t\t<\/h2>\n\t\t<\/div>\n\t<\/div>\n\n\t<\/div><\/div><\/div><div id=\"panel-968-3-0-1\" class=\"so-panel widget widget_orion_cf7_w panel-last-child\" data-index=\"13\" ><div class=\"orion custom default panel-widget-style panel-widget-style-for-968-3-0-1\" ><div class=\"so-widget-orion_cf7_w so-widget-orion_cf7_w-base\"><div role=\"form\" class=\"wpcf7\" id=\"wpcf7-f913-o1\" lang=\"en-US\" dir=\"ltr\">\n<div class=\"screen-reader-response\"><p role=\"status\" aria-live=\"polite\" aria-atomic=\"true\"><\/p> <ul><\/ul><\/div>\n<form action=\"\/index.php\/wp-json\/wp\/v2\/pages\/968#wpcf7-f913-o1\" method=\"post\" class=\"wpcf7-form init\" novalidate=\"novalidate\" data-status=\"init\">\n<div style=\"display: none;\">\n<input type=\"hidden\" name=\"_wpcf7\" value=\"913\" \/>\n<input type=\"hidden\" name=\"_wpcf7_version\" value=\"5.4.2\" \/>\n<input type=\"hidden\" name=\"_wpcf7_locale\" value=\"en_US\" \/>\n<input type=\"hidden\" name=\"_wpcf7_unit_tag\" value=\"wpcf7-f913-o1\" \/>\n<input type=\"hidden\" name=\"_wpcf7_container_post\" value=\"0\" \/>\n<input type=\"hidden\" name=\"_wpcf7_posted_data_hash\" value=\"\" \/>\n<\/div>\n<div class=\"wpcf7-form row\">\n<div class=\"col-md-6 name\"><span class=\"wpcf7-form-control-wrap text-name\"><input type=\"text\" name=\"text-name\" value=\"\" size=\"40\" class=\"wpcf7-form-control wpcf7-text wpcf7-validates-as-required\" aria-required=\"true\" aria-invalid=\"false\" placeholder=\"First Name\" \/><\/span><\/div>\n<div class=\"col-md-6 name\"><span class=\"wpcf7-form-control-wrap text-last-name\"><input type=\"text\" name=\"text-last-name\" value=\"\" size=\"40\" class=\"wpcf7-form-control wpcf7-text wpcf7-validates-as-required\" aria-required=\"true\" aria-invalid=\"false\" placeholder=\"Last Name\" \/><\/span><\/div>\n<div class=\"col-md-6 phone\"><span class=\"wpcf7-form-control-wrap text-phone\"><input type=\"text\" name=\"text-phone\" value=\"\" size=\"40\" class=\"wpcf7-form-control wpcf7-text wpcf7-validates-as-required\" aria-required=\"true\" aria-invalid=\"false\" placeholder=\"Phone Number\" \/><\/span><\/div>\n<div class=\"col-md-6 email\"><span class=\"wpcf7-form-control-wrap email-777\"><input type=\"email\" name=\"email-777\" value=\"\" size=\"40\" class=\"wpcf7-form-control wpcf7-text wpcf7-email wpcf7-validates-as-required wpcf7-validates-as-email\" aria-required=\"true\" aria-invalid=\"false\" placeholder=\"E-mail\" \/><\/span><\/div>\n<div class=\"col-md-12\"><span class=\"wpcf7-form-control-wrap textarea-notes\"><textarea name=\"textarea-notes\" cols=\"40\" rows=\"10\" class=\"wpcf7-form-control wpcf7-textarea\" aria-invalid=\"false\" placeholder=\"Question\/Comment\"><\/textarea><\/span><\/div>\n<div class=\"col-md-8 select\"><span class=\"wpcf7-form-control-wrap reply\"><select name=\"reply\" class=\"wpcf7-form-control wpcf7-select form-control\" aria-invalid=\"false\"><option value=\"Request answer\">Request answer<\/option><option value=\"Recieve Reply by Mail\">Recieve Reply by Mail<\/option><option value=\"Recieve Reply by Phone\">Recieve Reply by Phone<\/option><\/select><\/span><\/div>\n<div class=\"col-md-4\"><input type=\"submit\" value=\"Send\" class=\"wpcf7-form-control wpcf7-submit btn btn-c1 btn-lg btn-block\" \/><\/div>\n<\/div>\n<div class=\"wpcf7-response-output\" aria-hidden=\"true\"><\/div><\/form><\/div><\/div><\/div><\/div><\/div><\/div><\/div><\/div>","protected":false},"excerpt":{"rendered":"<p>Instituci\u00f3n privada fundada por el Dr. Luis Teodoro Garc\u00eda Morales, iniciando \u00fanicamente con el servicio de consulta externa en el a\u00f1o 1960, En el a\u00f1o 1964 se ampl\u00eda la atenci\u00f3n medica abarcando \u00e1rea de ginecobstetricia y medicina general. En el a\u00f1o 1968 se logra instalar y habilitar el \u00e1rea quir\u00fargica, as\u00ed como hospitalizaci\u00f3n en general.<\/p>\n","protected":false},"author":1,"featured_media":0,"parent":0,"menu_order":0,"comment_status":"closed","ping_status":"closed","template":"","meta":{"footnotes":""},"class_list":["post-968","page","type-page","status-publish","hentry"],"_links":{"self":[{"href":"https:\/\/sanatoriolosreyes.mx\/index.php\/wp-json\/wp\/v2\/pages\/968","targetHints":{"allow":["GET"]}}],"collection":[{"href":"https:\/\/sanatoriolosreyes.mx\/index.php\/wp-json\/wp\/v2\/pages"}],"about":[{"href":"https:\/\/sanatoriolosreyes.mx\/index.php\/wp-json\/wp\/v2\/types\/page"}],"author":[{"embeddable":true,"href":"https:\/\/sanatoriolosreyes.mx\/index.php\/wp-json\/wp\/v2\/users\/1"}],"replies":[{"embeddable":true,"href":"https:\/\/sanatoriolosreyes.mx\/index.php\/wp-json\/wp\/v2\/comments?post=968"}],"version-history":[{"count":113,"href":"https:\/\/sanatoriolosreyes.mx\/index.php\/wp-json\/wp\/v2\/pages\/968\/revisions"}],"predecessor-version":[{"id":4011,"href":"https:\/\/sanatoriolosreyes.mx\/index.php\/wp-json\/wp\/v2\/pages\/968\/revisions\/4011"}],"wp:attachment":[{"href":"https:\/\/sanatoriolosreyes.mx\/index.php\/wp-json\/wp\/v2\/media?parent=968"}],"curies":[{"name":"wp","href":"https:\/\/api.w.org\/{rel}","templated":true}]}}