{"id":3322,"date":"2021-09-09T22:05:07","date_gmt":"2021-09-09T22:05:07","guid":{"rendered":"https:\/\/sanatoriolosreyes.mx\/?page_id=3322"},"modified":"2021-09-20T23:54:25","modified_gmt":"2021-09-20T23:54:25","slug":"cirugia","status":"publish","type":"page","link":"https:\/\/sanatoriolosreyes.mx\/index.php\/services\/cirugia\/","title":{"rendered":"Cirug\u00eda"},"content":{"rendered":"<div id=\"pl-3322\"  class=\"panel-layout\" ><div id=\"pg-3322-0\"  class=\"panel-grid panel-has-style\" ><div class=\"divider-no-animation tablet-1-in-row mobile-1-in-row desktop-default custom panel-row-style panel-row-style-for-3322-0\" ><div id=\"pgc-3322-0-0\"  class=\"panel-grid-cell\" ><div id=\"panel-3322-0-0-0\" class=\"so-panel widget widget_orion_heading_w panel-first-child\" data-index=\"0\" ><div class=\"orion custom mobile-text-center tablets-text-center default panel-widget-style panel-widget-style-for-3322-0-0-0\" ><div class=\"so-widget-orion_heading_w so-widget-orion_heading_w-base\"> \n\t\t\t<div class=\"row orion-heading\" style=\"margin-bottom:0px;\">\n\t\t<div class=\"col-md-12  separator-style-1 text-left style-h6 style-primary-color\">\n\t\t\t<h6 class=\"primary-color\">\n\t\t\t\tM\u00e9dicos Especialistas en Cirug\u00eda\t\t\t<\/h6>\n\t\t<\/div>\n\t<\/div>\n\n\t<\/div><\/div><\/div><div id=\"panel-3322-0-0-1\" class=\"so-panel widget widget_orion_heading_w\" data-index=\"1\" ><div class=\"orion custom mobile-text-center tablets-text-center default panel-widget-style panel-widget-style-for-3322-0-0-1\" ><div class=\"so-widget-orion_heading_w so-widget-orion_heading_w-base\"> \n\t\t\t<div class=\"row orion-heading\" style=\"margin-bottom:0px;\">\n\t\t<div class=\"col-md-12   text-left style-h2 style-text-dark\">\n\t\t\t<h2 class=\"text-dark\">\n\t\t\t\tCirug\u00eda\t\t\t<\/h2>\n\t\t<\/div>\n\t<\/div>\n\n\t<\/div><\/div><\/div><div id=\"panel-3322-0-0-2\" class=\"so-panel widget widget_sow-editor\" data-index=\"2\" ><div class=\"orion custom mobile-text-center tablets-text-center default panel-widget-style panel-widget-style-for-3322-0-0-2\" ><div class=\"so-widget-sow-editor so-widget-sow-editor-base\">\n<div class=\"siteorigin-widget-tinymce textwidget\">\n\t<p><strong><span style=\"vertical-align: inherit;\"><span style=\"vertical-align: inherit;\">Contamos con equipo especializado y m\u00e9dicos capacitados para atender diferentes cirug\u00edas necesarias para la salud.<\/span><\/span><\/strong><\/p>\n<p>Se le denomina procedimiento quir\u00fargico, operaci\u00f3n o simplemente cirug\u00eda. En este contexto, el verbo operar significa realizar una cirug\u00eda. El adjetivo quir\u00fargico significa \"perteneciente o relativo a o relacionado con la cirug\u00eda\"; por ejemplo, los instrumentos quir\u00fargicos. El paciente o sujeto en el que se realiza la cirug\u00eda puede ser una persona o un animal. Un cirujano es una persona que practica la cirug\u00eda, y el asistente de un cirujano es una persona que practica la asistencia quir\u00fargica. Un equipo quir\u00fargico\u00a0incluye un cirujano, un asistente de cirujano, un proveedor de anestesia, un enfermero circulante y un enfermero instrumentista. La cirug\u00eda generalmente se extiende de minutos a horas, pero generalmente no es un tipo de tratamiento continuo o peri\u00f3dico.<\/p>\n<p><span style=\"vertical-align: inherit;\"><span style=\"vertical-align: inherit;\">En Sanatorio Los Reyes contamos con los especialistas m\u00e1s capacitados.<\/span><\/span><\/p>\n<p><span style=\"vertical-align: inherit;\"><span style=\"vertical-align: inherit;\">!Ven y con\u00f3cenos\u00a1<\/span><\/span><\/p>\n<\/div>\n<\/div><\/div><\/div><div id=\"panel-3322-0-0-3\" class=\"so-panel widget widget_orion_empty_space_w panel-last-child\" data-index=\"3\" ><div class=\"orion custom default panel-widget-style panel-widget-style-for-3322-0-0-3\" ><div class=\"so-widget-orion_empty_space_w so-widget-orion_empty_space_w-base\">\t<div class=\"row empty-space  visible-sm visible-xs\" style=\"height:24px;\">\n\t<\/div><\/div><\/div><\/div><\/div><div id=\"pgc-3322-0-1\"  class=\"panel-grid-cell\" ><div id=\"panel-3322-0-1-0\" class=\"so-panel widget widget_orion_image_w panel-first-child panel-last-child\" data-index=\"4\" ><div class=\"orion custom mobile-text-center tablets-text-center default panel-widget-style panel-widget-style-for-3322-0-1-0\" ><div class=\"so-widget-orion_image_w so-widget-orion_image_w-base\">\n<div class=\"image-w relative rounded\">\n\n\t\t\t\t\t\t\t<div class=\"orion_circle image-wrap rounded overlay-none overlay-hover-none\">\n\t\t\n\t\t\t\t<div class=\"circle-wrap\">\n\t\t\t\t\t<img loading=\"lazy\" decoding=\"async\" width=\"750\" height=\"750\" src=\"https:\/\/sanatoriolosreyes.mx\/wp-content\/uploads\/2021\/09\/cirugia2-750x750.jpg\" class=\"attachment-orion_square size-orion_square\" alt=\"\" \/>\t\t\t<div class=\"overlay\"><\/div>\n\t\t\t\t<\/div>\n\t\t\n\t\t\t\t\t<\/div>\n\t\t\t\n\t\n\t<div class=\"absolute\">\n\t\t<div class=\"hover-desc table-wrap\">\n\t\t\t<div class=\"cell-wrap\">\n\t\t\t\t<h4 class=\"text-light\"><\/h4>\n\t\t\t<\/div>\n\t\t<\/div>\n\t<\/div>\t\t\t\t\t\n<\/div>\n\n<\/div><\/div><\/div><\/div><\/div><\/div><div id=\"pg-3322-1\"  class=\"panel-grid panel-has-style\" ><div class=\"divider-no-animation tablet-default mobile-default desktop-default custom panel-row-style panel-row-style-for-3322-1\" ><div id=\"pgc-3322-1-0\"  class=\"panel-grid-cell\" ><div id=\"panel-3322-1-0-0\" class=\"so-panel widget widget_orion_icon_text_w panel-first-child panel-last-child\" data-index=\"5\" ><div class=\"orion custom default panel-widget-style panel-widget-style-for-3322-1-0-0\" ><div class=\"so-widget-orion_icon_text_w so-widget-orion_icon_text_w-base\">\n<div class=\"row icon-box-items-wrap grid icon-top\">\n \n\t\n\t\t\n\t\t\n\t\t\t\t\n\t\t\n\t\t<div class=\"icon-box-wrap clearfix col-lg-3 col-sm-6 text-dark\" style=\"margin-bottom:60px;\">\t\t\n\n\t\t\t\t\t\t\t\t\t\t<div class=\"icon-wrap relative circle\">\n\t\t\t\t\t<span class=\"sow-icon-elegantline\" data-sow-icon=\"&#xe04a;\"\n\t\tstyle=\"color: #00bcd4; background-color: #ffffff\" ><\/span>\t\t\t\t\t\t\t\t\t<\/div>\n\t\t\t\n\t\t\t<h4 class=\"item-title h6\">Neurocirujano<\/h4>\t\t\t\n\n\t\t\t\t\t\t<span class=\"description\">Contamos con m\u00e9dicos cirujanos especialistas en el tema que te pueden ayudar a diagnosticar y tratar procedimientos quir\u00fargicos.<\/span>\n\t\t\t\n\t\t<\/div>\n\t\n\t\t\n\t\t\n\t\t\t\t\n\t\t\n\t\t<div class=\"icon-box-wrap clearfix col-lg-3 col-sm-6 text-dark\" style=\"margin-bottom:60px;\">\t\t\n\n\t\t\t\t\t\t\t\t\t\t<div class=\"icon-wrap relative circle\">\n\t\t\t\t\t<span class=\"sow-icon-dentalicons\" data-sow-icon=\"&#xe800;\"\n\t\tstyle=\"color: #00bcd4; background-color: #ffffff\" ><\/span>\t\t\t\t\t\t\t\t\t<\/div>\n\t\t\t\n\t\t\t<h4 class=\"item-title h6\">Cirujano pl\u00e1stico<\/h4>\t\t\t\n\n\t\t\t\t\t\t<span class=\"description\">Realizamos procedimientos quir\u00fargicos que involucran transferencia de piel, trasplante de tejidos, replanteamiento de estructuras.<\/span>\n\t\t\t\n\t\t<\/div>\n\t\n\t\t\n\t\t\n\t\t\t\t\n\t\t\n\t\t<div class=\"icon-box-wrap clearfix col-lg-3 col-sm-6 text-dark\" style=\"margin-bottom:60px;\">\t\t\n\n\t\t\t\t\t\t\t\t\t\t<div class=\"icon-wrap relative circle\">\n\t\t\t\t\t<span class=\"sow-icon-dentalicons3\" data-sow-icon=\"&#xe914;\"\n\t\tstyle=\"color: #00bcd4; background-color: #ffffff\" ><\/span>\t\t\t\t\t\t\t\t\t<\/div>\n\t\t\t\n\t\t\t<h4 class=\"item-title h6\">Obstetricia y ginecolog\u00eda<\/h4>\t\t\t\n\n\t\t\t\t\t\t<span class=\"description\">Contamos con m\u00e9dicos altamente especializados que pueden provenir con cuidados m\u00e9dicos y quir\u00fargico para tratar condiciones que afecta el sistema reproductivo de la mujer.<\/span>\n\t\t\t\n\t\t<\/div>\n\t\n\t\t\n\t\t\n\t\t\t\t\n\t\t\n\t\t<div class=\"icon-box-wrap clearfix col-lg-3 col-sm-6 text-dark\" style=\"margin-bottom:60px;\">\t\t\n\n\t\t\t\t\t\t\t\t\t\t<div class=\"icon-wrap relative circle\">\n\t\t\t\t\t<span class=\"sow-icon-genericons\" data-sow-icon=\"&#xf403;\"\n\t\tstyle=\"color: #00bcd4; background-color: #ffffff\" ><\/span>\t\t\t\t\t\t\t\t\t<\/div>\n\t\t\t\n\t\t\t<h4 class=\"item-title h6\">Oftalm\u00f3logo<\/h4>\t\t\t\n\n\t\t\t\t\t\t<span class=\"description\">Prevenci\u00f3n, Detecci\u00f3n Temprana y Tratamiento de problemas visuales y del ojo.<\/span>\n\t\t\t\n\t\t<\/div>\n\t\n<\/div><\/div><\/div><\/div><\/div><\/div><\/div><div id=\"pg-3322-2\"  class=\"panel-grid panel-has-style\" ><div class=\"divider-no-animation tablet-default mobile-default desktop-default custom panel-row-style panel-row-style-for-3322-2\" ><div id=\"pgc-3322-2-0\"  class=\"panel-grid-cell\" ><div id=\"panel-3322-2-0-0\" class=\"so-panel widget widget_orion_empty_space_w panel-first-child\" data-index=\"6\" ><div class=\"orion custom default panel-widget-style panel-widget-style-for-3322-2-0-0\" ><div class=\"so-widget-orion_empty_space_w so-widget-orion_empty_space_w-base\">\t<div class=\"row empty-space  visible-sm visible-xs\" style=\"height:24px;\">\n\t<\/div><\/div><\/div><\/div><div id=\"panel-3322-2-0-1\" class=\"so-panel widget widget_sow-editor\" data-index=\"7\" ><div class=\"orion custom default panel-widget-style panel-widget-style-for-3322-2-0-1\" ><div class=\"so-widget-sow-editor so-widget-sow-editor-base\">\n<div class=\"siteorigin-widget-tinymce textwidget\">\n\t<h3 style=\"text-align: center;\"><span style=\"vertical-align: inherit;\"><span style=\"vertical-align: inherit;\">CONOCE NUESTROS ESPECIALISTAS EN CIRUG\u00cdA<\/span><\/span><\/h3>\n<\/div>\n<\/div><\/div><\/div><div id=\"panel-3322-2-0-2\" class=\"so-panel widget widget_orion_team_w panel-last-child\" data-index=\"8\" ><div class=\"orion custom default panel-widget-style panel-widget-style-for-3322-2-0-2\" ><div class=\"so-widget-orion_team_w so-widget-orion_team_w-base\"><div class=\"row team-members grid top-nav\">\n\n<div class=\"wrapper\">\n\n\t\n\t\t\t\t\t\t\t<article class=\"item col-md-3 col-sm-6\">\n\t\t\t<div class=\"wrap\" style=\"background-color: transparent\">\n\t\t\t\t<header class=\"entry-header \" >\n\t\t\t\t\t\t\t\t\t\t\t\t\t\t\t\t<a href=\"https:\/\/sanatoriolosreyes.mx\/index.php\/team-member\/dr-marco-antonio\/\" class=\"image-wrap overlay-greyscale overlay-hover-none scale-zoomin orion_portrait\">\n\t\t\t\t\t\t\t\t\t\t\t\t\t\t\t<img loading=\"lazy\" decoding=\"async\" width=\"500\" height=\"500\" src=\"https:\/\/sanatoriolosreyes.mx\/wp-content\/uploads\/2021\/06\/dr-1.png\" class=\"attachment-orion_portrait size-orion_portrait wp-post-image\" alt=\"\" \/>\t\t\t\t\t\t\t\t<div class=\"overlay\"><\/div>\n\t\t\t\t\t\t\t\t\t\t\t\t\t<\/a>\n\t\t\t\t\t\t\t\t\t\t\t\n\t\t\t\t<\/header>\t\n\t\t\t<div class=\"entry-content vcard  no_bg_color has_border\">\n\t\t\t\t<div class=\"basic-info\">\n\t\t\t\t\t \n\t\t\t\t\t\t<div class=\"departments\">\t\n\t\t\t\t\t\t\t \n\t\t\t\t\t\t        \t\t\t\t\t\t        \t\t\t\t\t\t\t\t\t\t\n\t\t\t\t\t\t\t\t<a class=\"font-3 small category primary-hover primary-color\" href=\"https:\/\/sanatoriolosreyes.mx\/index.php\/department\/cirugia-general\/\">Cirug\u00eda General<\/a>\n\t\t\t\t\t\t        \t\t\t\t\t\t\t\t\t\t\t\t    <\/div>\t\n\t\t\t\t    \n\t\t\t\t    \t\t\t\t\t\t<a title=\"Dr. Marco Antonio Garc\u00eda Puig\" class=\"primary-hover\" href=\"https:\/\/sanatoriolosreyes.mx\/index.php\/team-member\/dr-marco-antonio\/\"> <h2 class=\"item-title h5 \"> Dr. Marco Antonio Garc\u00eda Puig<\/h2>\n\t\t\t\t\t\t<\/a>\n\t\t\t\t\t\t\t\t\t\n\t\t\t\t\t\t\t\t\t\t\t\t\t\t\t\t<div class=\"additional-title small\">\n\t\t\t\t\t\t\tCirujano General Endoscopista\t\t\t\t\t\t<\/div>\n\t\t\t\t\t\n\t\t\t\t\t\t\t\t\t<\/div> \n\n\t\t\t\t\t\t \t\t\n\t\t\t\t\t\t\t \t\t\t\t\t\t\t\t<ul class=\"social-links clearfix text-center\">\n\t\t\t\t\t\t\t\t\t\t\t\t\t\t\t\t\n\t\t\t\t\t\t\t\t\t\t\t\t\t\t\t\t\t\t\t<li> <a class=\"primary-hover\" href=\"#\">\n\t\t\t\t\t\t\t\t\t\t\t\t<i class=\"fa fa-twitter\">\n\t\t\t\t\t\t\t\t\t\t\t<\/i>\n\t\t\t\t\t\t\t\t\t\t\t<\/a>\n\t\t\t\t\t\t\t\t\t\t<\/li>\n\t\t\t\t\t\t\t\t\t\t\t\t\t\t\t\t\t\t\t\t\t\t\t\t\t\t\t\t\t\t\t\t\t\n\t\t\t\t\t\t\t\t\t\t\t\t\t\t\t\t\t\t\t<li> <a class=\"primary-hover\" href=\"mailto:#\">\n\t\t\t\t\t\t\t\t\t\t\t\t<i class=\"fa fa-envelope-o\">\n\t\t\t\t\t\t\t\t\t\t\t\t<\/i>\n\t\t\t\t\t\t\t\t\t\t\t<\/a>\n\t\t\t\t\t\t\t\t\t\t<\/li>\n\t\t\t\t\t\t\t\t\t\t\t\t\t\t\t\t\t\t\t\t\t\t\t\t\t\t\t\t\t\t\t\t\t\n\t\t\t\t\t\t\t\t\t\t\t\t\t\t\t\t\t\t\t<li> <a class=\"primary-hover\" href=\"#\">\n\t\t\t\t\t\t\t\t\t\t\t\t<i class=\"fa fa fa-linkedin\">\n\t\t\t\t\t\t\t\t\t\t\t<\/i>\n\t\t\t\t\t\t\t\t\t\t\t<\/a>\n\t\t\t\t\t\t\t\t\t\t<\/li>\n\t\t\t\t\t\t\t\t\t\t\t\t\t\t\t\t\t\t\t\t\t\t\t\t\t\t\t\t\t \t<\/ul>\n\t\t\t\t \t\t\t\t\t\t\n\t\t\t<\/div>\n\t\t<\/div>\n\t\t<\/article>\n\t\t\t\t\t\t\t<article class=\"item col-md-3 col-sm-6\">\n\t\t\t<div class=\"wrap\" style=\"background-color: transparent\">\n\t\t\t\t<header class=\"entry-header \" >\n\t\t\t\t\t\t\t\t\t\t\t\t\t\t\t\t<a href=\"https:\/\/sanatoriolosreyes.mx\/index.php\/team-member\/dra-alejandra-ramirez\/\" class=\"image-wrap overlay-greyscale overlay-hover-none scale-zoomin orion_portrait\">\n\t\t\t\t\t\t\t\t\t\t\t\t\t\t\t<img loading=\"lazy\" decoding=\"async\" width=\"500\" height=\"500\" src=\"https:\/\/sanatoriolosreyes.mx\/wp-content\/uploads\/2016\/10\/dra-4.png\" class=\"attachment-orion_portrait size-orion_portrait wp-post-image\" alt=\"\" \/>\t\t\t\t\t\t\t\t<div class=\"overlay\"><\/div>\n\t\t\t\t\t\t\t\t\t\t\t\t\t<\/a>\n\t\t\t\t\t\t\t\t\t\t\t\n\t\t\t\t<\/header>\t\n\t\t\t<div class=\"entry-content vcard  no_bg_color has_border\">\n\t\t\t\t<div class=\"basic-info\">\n\t\t\t\t\t \n\t\t\t\t\t\t<div class=\"departments\">\t\n\t\t\t\t\t\t\t \n\t\t\t\t\t\t        \t\t\t\t\t\t        \t\t\t\t\t\t\t\t\t\t\n\t\t\t\t\t\t\t\t<a class=\"font-3 small category primary-hover primary-color\" href=\"https:\/\/sanatoriolosreyes.mx\/index.php\/department\/cirugia-general\/\">Cirug\u00eda General<\/a>\n\t\t\t\t\t\t        \t\t\t\t\t\t\t\t\t\t\t\t    <\/div>\t\n\t\t\t\t    \n\t\t\t\t    \t\t\t\t\t\t<a title=\"Dra. Alejandra Ram\u00edrez\" class=\"primary-hover\" href=\"https:\/\/sanatoriolosreyes.mx\/index.php\/team-member\/dra-alejandra-ramirez\/\"> <h2 class=\"item-title h5 \"> Dra. Alejandra Ram\u00edrez<\/h2>\n\t\t\t\t\t\t<\/a>\n\t\t\t\t\t\t\t\t\t\n\t\t\t\t\t\t\t\t\t\t\t\t\t\t\t\t<div class=\"additional-title small\">\n\t\t\t\t\t\t\tCirujano General Endoscopista\t\t\t\t\t\t<\/div>\n\t\t\t\t\t\n\t\t\t\t\t\t\t\t\t<\/div> \n\n\t\t\t\t\t\t \t\t\n\t\t\t\t\t\t\t \t\t\t\t\t\t\t\n\t\t\t<\/div>\n\t\t<\/div>\n\t\t<\/article>\n\t\n\t\t\n\t<\/div>\n<\/div>\t\n<\/div><\/div><\/div><\/div><\/div><\/div><div id=\"pg-3322-3\"  class=\"panel-grid panel-has-style\" ><div class=\"siteorigin-panels-stretch divider-no-animation tablet-1-in-row mobile-1-in-row desktop-default text-light overlay-c1-c2 custom panel-row-style panel-row-style-for-3322-3\" data-stretch-type=\"full\" ><div id=\"pgc-3322-3-0\"  class=\"panel-grid-cell\" ><div id=\"panel-3322-3-0-0\" class=\"so-panel widget widget_sow-editor panel-first-child\" data-index=\"9\" ><div class=\"orion custom mobile-text-center tablets-text-center default panel-widget-style panel-widget-style-for-3322-3-0-0\" ><div class=\"so-widget-sow-editor so-widget-sow-editor-base\">\n<div class=\"siteorigin-widget-tinymce textwidget\">\n\t<div class=\"gtx-body\">NO DEJES TU SALUD PARA DESPU\u00c9S. <strong>SOLICITA UNA CITA<\/strong><\/div>\n<\/div>\n<\/div><\/div><\/div><div id=\"panel-3322-3-0-1\" class=\"so-panel widget widget_orion_empty_space_w panel-last-child\" data-index=\"10\" ><div class=\"orion default panel-widget-style panel-widget-style-for-3322-3-0-1\" ><div class=\"so-widget-orion_empty_space_w so-widget-orion_empty_space_w-base\">\t<div class=\"row empty-space  visible-sm visible-xs\" style=\"height:12px;\">\n\t<\/div><\/div><\/div><\/div><\/div><div id=\"pgc-3322-3-1\"  class=\"panel-grid-cell\" ><div class=\"panel-cell-style panel-cell-style-for-3322-3-1\" ><div id=\"panel-3322-3-1-0\" class=\"so-panel widget widget_orion_button_w panel-first-child panel-last-child\" data-index=\"11\" ><div class=\"orion custom mobile-text-center tablets-text-center default panel-widget-style panel-widget-style-for-3322-3-1-0\" ><div class=\"so-widget-orion_button_w so-widget-orion_button_w-base\">\n\t\t\t<a class=\"btn btn-white icon-right btn-wire btn-md float-right\"  href=\"https:\/\/sanatoriolosreyes.mx\/?post_type=wpcf7_contact_form&#038;p=8\">\n\t\t\tSolicitar una cita<span class=\"sow-icon-fontawesome sow-far\" data-sow-icon=\"&#xf133;\"\n\t\t ><\/span>\t\t\n\t\t<\/a>\n\t\n\n\n\n<\/div><\/div><\/div><\/div><\/div><\/div><\/div><\/div>","protected":false},"excerpt":{"rendered":"<p>Contamos con equipo especializado y m\u00e9dicos capacitados para atender diferentes cirug\u00edas necesarias para la salud. Se le denomina procedimiento quir\u00fargico, operaci\u00f3n o simplemente cirug\u00eda. En este contexto, el verbo operar significa realizar una cirug\u00eda. El adjetivo quir\u00fargico significa &#8220;perteneciente o relativo a o relacionado con la cirug\u00eda&#8221;; por ejemplo, los instrumentos quir\u00fargicos. El paciente o<\/p>\n","protected":false},"author":2,"featured_media":0,"parent":968,"menu_order":0,"comment_status":"closed","ping_status":"closed","template":"","meta":{"footnotes":""},"class_list":["post-3322","page","type-page","status-publish","hentry"],"_links":{"self":[{"href":"https:\/\/sanatoriolosreyes.mx\/index.php\/wp-json\/wp\/v2\/pages\/3322","targetHints":{"allow":["GET"]}}],"collection":[{"href":"https:\/\/sanatoriolosreyes.mx\/index.php\/wp-json\/wp\/v2\/pages"}],"about":[{"href":"https:\/\/sanatoriolosreyes.mx\/index.php\/wp-json\/wp\/v2\/types\/page"}],"author":[{"embeddable":true,"href":"https:\/\/sanatoriolosreyes.mx\/index.php\/wp-json\/wp\/v2\/users\/2"}],"replies":[{"embeddable":true,"href":"https:\/\/sanatoriolosreyes.mx\/index.php\/wp-json\/wp\/v2\/comments?post=3322"}],"version-history":[{"count":11,"href":"https:\/\/sanatoriolosreyes.mx\/index.php\/wp-json\/wp\/v2\/pages\/3322\/revisions"}],"predecessor-version":[{"id":3638,"href":"https:\/\/sanatoriolosreyes.mx\/index.php\/wp-json\/wp\/v2\/pages\/3322\/revisions\/3638"}],"up":[{"embeddable":true,"href":"https:\/\/sanatoriolosreyes.mx\/index.php\/wp-json\/wp\/v2\/pages\/968"}],"wp:attachment":[{"href":"https:\/\/sanatoriolosreyes.mx\/index.php\/wp-json\/wp\/v2\/media?parent=3322"}],"curies":[{"name":"wp","href":"https:\/\/api.w.org\/{rel}","templated":true}]}}